{"id":377,"date":"2022-08-04T10:24:27","date_gmt":"2022-08-04T10:24:27","guid":{"rendered":"https:\/\/vne-led.vn\/?page_id=377"},"modified":"2022-08-04T10:25:02","modified_gmt":"2022-08-04T10:25:02","slug":"den-led-ray-nam-cham","status":"publish","type":"page","link":"https:\/\/vne-led.vn\/index.php\/den-led-ray-nam-cham\/","title":{"rendered":"\u0110\u00e8n Led Ray Nam Ch\u00e2m"},"content":{"rendered":"\t\t<div data-elementor-type=\"wp-page\" data-elementor-id=\"377\" class=\"elementor elementor-377\">\n\t\t\t\t\t\t\t\t\t<section class=\"elementor-section elementor-top-section elementor-element elementor-element-115eb0f elementor-section-boxed elementor-section-height-default elementor-section-height-default\" data-id=\"115eb0f\" data-element_type=\"section\">\n\t\t\t\t\t\t<div class=\"elementor-container elementor-column-gap-default\">\n\t\t\t\t\t<div class=\"elementor-column elementor-col-100 elementor-top-column elementor-element elementor-element-e0570fd\" data-id=\"e0570fd\" data-element_type=\"column\">\n\t\t\t<div class=\"elementor-widget-wrap elementor-element-populated\">\n\t\t\t\t\t\t\t\t<div class=\"elementor-element elementor-element-b44515a elementor-widget elementor-widget-heading\" data-id=\"b44515a\" data-element_type=\"widget\" data-widget_type=\"heading.default\">\n\t\t\t\t<div class=\"elementor-widget-container\">\n\t\t\t<style>\/*! elementor - v3.6.8 - 27-07-2022 *\/\n.elementor-heading-title{padding:0;margin:0;line-height:1}.elementor-widget-heading .elementor-heading-title[class*=elementor-size-]>a{color:inherit;font-size:inherit;line-height:inherit}.elementor-widget-heading .elementor-heading-title.elementor-size-small{font-size:15px}.elementor-widget-heading .elementor-heading-title.elementor-size-medium{font-size:19px}.elementor-widget-heading .elementor-heading-title.elementor-size-large{font-size:29px}.elementor-widget-heading .elementor-heading-title.elementor-size-xl{font-size:39px}.elementor-widget-heading .elementor-heading-title.elementor-size-xxl{font-size:59px}<\/style><h2 class=\"elementor-heading-title elementor-size-default\">\u0110\u00c8N LED NAM CH\u00c2M<\/h2>\t\t<\/div>\n\t\t\t\t<\/div>\n\t\t\t\t\t<\/div>\n\t\t<\/div>\n\t\t\t\t\t\t\t<\/div>\n\t\t<\/section>\n\t\t\t\t<section class=\"elementor-section elementor-top-section elementor-element elementor-element-695933b elementor-section-boxed elementor-section-height-default elementor-section-height-default\" data-id=\"695933b\" data-element_type=\"section\">\n\t\t\t\t\t\t<div class=\"elementor-container elementor-column-gap-default\">\n\t\t\t\t\t<div class=\"elementor-column elementor-col-100 elementor-top-column elementor-element elementor-element-8e65595\" data-id=\"8e65595\" data-element_type=\"column\">\n\t\t\t<div class=\"elementor-widget-wrap elementor-element-populated\">\n\t\t\t\t\t\t\t\t<div class=\"elementor-element elementor-element-fceb58f eael-product-grid-column-3 elementor-widget elementor-widget-eicon-woocommerce\" data-id=\"fceb58f\" data-element_type=\"widget\" data-widget_type=\"eicon-woocommerce.default\">\n\t\t\t\t<div class=\"elementor-widget-container\">\n\t\t\t\n        <div class=\"eael-product-grid eael-product-preset-5 grid\" id=\"eael-product-grid\" data-widget-id=\"fceb58f\" data-page-id=\"377\" data-nonce=\"f8b2b87433\" >\n            <div class=\"woocommerce\">\n                <ul class=\"products\" data-layout-mode=\"grid\">        <li class=\"product post-793 type-product status-publish has-post-thumbnail hentry product_cat-den-led-ray-nam-cham\">\n            <div class=\"eael-product-wrap\">\n                <div class=\"product-image-wrap\">\n                    <div class=\"image-wrap\">\n                        <img fetchpriority=\"high\" decoding=\"async\" width=\"800\" height=\"800\" src=\"https:\/\/vne-led.vn\/wp-content\/uploads\/2022\/08\/10.png\" class=\"attachment-large size-large\" alt=\"\" loading=\"eager\" srcset=\"https:\/\/vne-led.vn\/wp-content\/uploads\/2022\/08\/10.png 900w, https:\/\/vne-led.vn\/wp-content\/uploads\/2022\/08\/10-300x300.png 300w, https:\/\/vne-led.vn\/wp-content\/uploads\/2022\/08\/10-150x150.png 150w, https:\/\/vne-led.vn\/wp-content\/uploads\/2022\/08\/10-768x768.png 768w, https:\/\/vne-led.vn\/wp-content\/uploads\/2022\/08\/10-600x600.png 600w, https:\/\/vne-led.vn\/wp-content\/uploads\/2022\/08\/10-100x100.png 100w\" sizes=\"(max-width: 800px) 100vw, 800px\" \/>                    <\/div>\n                    <div class=\"image-hover-wrap\">\n                                                    <ul class=\"icons-wrap block-style\">\n                                                                \t                                                            <li class=\"view-details\"><a href=\"https:\/\/vne-led.vn\/index.php\/product\/den-goc-tan-quang-trang-den-2\/\"><i class=\"fas fa-link\"><\/i><\/a><\/li>\n                                <li class=\"add-to-cart\"><a href=\"tel:0912926688\" data-quantity=\"1\" class=\"button product_type_external\" data-product_id=\"793\" data-product_sku=\"\" aria-label=\"Li\u00ean h\u1ec7 nh\u1eadn b\u00e1o gi\u00e1\" rel=\"nofollow\">Li\u00ean h\u1ec7 nh\u1eadn b\u00e1o gi\u00e1<\/a><\/li>\n                            <\/ul>\n                                            <\/div>\n                <\/div>\n                <div class=\"product-details-wrap\">\n                                        <div class=\"eael-product-title\">\n                        <a href=\"https:\/\/vne-led.vn\/index.php\/product\/den-goc-tan-quang-trang-den-2\/\" class=\"woocommerce-LoopProduct-link woocommerce-loop-product__link\"><h2>\u0110\u00e8n g\u00f3c t\u00e1n quang (tr\u1eafng\/\u0111en)<\/h2><\/a>                                           <\/div>\n                    <div class=\"eael-product-price\"><\/div>                <\/div>\n            <\/div>\n        <\/li>\n                <li class=\"product post-794 type-product status-publish has-post-thumbnail hentry product_cat-den-led-ray-nam-cham\">\n            <div class=\"eael-product-wrap\">\n                <div class=\"product-image-wrap\">\n                    <div class=\"image-wrap\">\n                        <img decoding=\"async\" width=\"800\" height=\"800\" src=\"https:\/\/vne-led.vn\/wp-content\/uploads\/2022\/08\/12.png\" class=\"attachment-large size-large\" alt=\"\" loading=\"eager\" srcset=\"https:\/\/vne-led.vn\/wp-content\/uploads\/2022\/08\/12.png 900w, https:\/\/vne-led.vn\/wp-content\/uploads\/2022\/08\/12-300x300.png 300w, https:\/\/vne-led.vn\/wp-content\/uploads\/2022\/08\/12-150x150.png 150w, https:\/\/vne-led.vn\/wp-content\/uploads\/2022\/08\/12-768x768.png 768w, https:\/\/vne-led.vn\/wp-content\/uploads\/2022\/08\/12-600x600.png 600w, https:\/\/vne-led.vn\/wp-content\/uploads\/2022\/08\/12-100x100.png 100w\" sizes=\"(max-width: 800px) 100vw, 800px\" \/>                    <\/div>\n                    <div class=\"image-hover-wrap\">\n                                                    <ul class=\"icons-wrap block-style\">\n                                                                \t                                                            <li class=\"view-details\"><a href=\"https:\/\/vne-led.vn\/index.php\/product\/den-goc-tieu-diem-trang\/\"><i class=\"fas fa-link\"><\/i><\/a><\/li>\n                                <li class=\"add-to-cart\"><a href=\"tel:0912926688\" data-quantity=\"1\" class=\"button product_type_external\" data-product_id=\"794\" data-product_sku=\"\" aria-label=\"Li\u00ean h\u1ec7 nh\u1eadn b\u00e1o gi\u00e1\" rel=\"nofollow\">Li\u00ean h\u1ec7 nh\u1eadn b\u00e1o gi\u00e1<\/a><\/li>\n                            <\/ul>\n                                            <\/div>\n                <\/div>\n                <div class=\"product-details-wrap\">\n                                        <div class=\"eael-product-title\">\n                        <a href=\"https:\/\/vne-led.vn\/index.php\/product\/den-goc-tieu-diem-trang\/\" class=\"woocommerce-LoopProduct-link woocommerce-loop-product__link\"><h2>\u0110e\u0300n go\u0301c ti\u00eau \u0111i\u00ea\u0309m tr\u0103\u0301ng<\/h2><\/a>                                           <\/div>\n                    <div class=\"eael-product-price\"><\/div>                <\/div>\n            <\/div>\n        <\/li>\n                <li class=\"product post-795 type-product status-publish has-post-thumbnail hentry product_cat-den-led-ray-nam-cham\">\n            <div class=\"eael-product-wrap\">\n                <div class=\"product-image-wrap\">\n                    <div class=\"image-wrap\">\n                        <img decoding=\"async\" width=\"800\" height=\"800\" src=\"https:\/\/vne-led.vn\/wp-content\/uploads\/2022\/08\/30.png\" class=\"attachment-large size-large\" alt=\"\" loading=\"eager\" srcset=\"https:\/\/vne-led.vn\/wp-content\/uploads\/2022\/08\/30.png 900w, https:\/\/vne-led.vn\/wp-content\/uploads\/2022\/08\/30-300x300.png 300w, https:\/\/vne-led.vn\/wp-content\/uploads\/2022\/08\/30-150x150.png 150w, https:\/\/vne-led.vn\/wp-content\/uploads\/2022\/08\/30-768x768.png 768w, https:\/\/vne-led.vn\/wp-content\/uploads\/2022\/08\/30-600x600.png 600w, https:\/\/vne-led.vn\/wp-content\/uploads\/2022\/08\/30-100x100.png 100w\" sizes=\"(max-width: 800px) 100vw, 800px\" \/>                    <\/div>\n                    <div class=\"image-hover-wrap\">\n                                                    <ul class=\"icons-wrap block-style\">\n                                                                \t                                                            <li class=\"view-details\"><a href=\"https:\/\/vne-led.vn\/index.php\/product\/den-tan-quang-xoay\/\"><i class=\"fas fa-link\"><\/i><\/a><\/li>\n                                <li class=\"add-to-cart\"><a href=\"tel:0912926688\" data-quantity=\"1\" class=\"button product_type_external\" data-product_id=\"795\" data-product_sku=\"\" aria-label=\"Li\u00ean h\u1ec7 nh\u1eadn b\u00e1o gi\u00e1\" rel=\"nofollow\">Li\u00ean h\u1ec7 nh\u1eadn b\u00e1o gi\u00e1<\/a><\/li>\n                            <\/ul>\n                                            <\/div>\n                <\/div>\n                <div class=\"product-details-wrap\">\n                                        <div class=\"eael-product-title\">\n                        <a href=\"https:\/\/vne-led.vn\/index.php\/product\/den-tan-quang-xoay\/\" class=\"woocommerce-LoopProduct-link woocommerce-loop-product__link\"><h2>\u0110e\u0300n ta\u0301n quang xoay<\/h2><\/a>                                           <\/div>\n                    <div class=\"eael-product-price\"><\/div>                <\/div>\n            <\/div>\n        <\/li>\n                <li class=\"product post-796 type-product status-publish has-post-thumbnail hentry product_cat-den-led-ray-nam-cham\">\n            <div class=\"eael-product-wrap\">\n                <div class=\"product-image-wrap\">\n                    <div class=\"image-wrap\">\n                        <img decoding=\"async\" width=\"800\" height=\"800\" src=\"https:\/\/vne-led.vn\/wp-content\/uploads\/2022\/08\/35.png\" class=\"attachment-large size-large\" alt=\"\" loading=\"eager\" srcset=\"https:\/\/vne-led.vn\/wp-content\/uploads\/2022\/08\/35.png 900w, https:\/\/vne-led.vn\/wp-content\/uploads\/2022\/08\/35-300x300.png 300w, https:\/\/vne-led.vn\/wp-content\/uploads\/2022\/08\/35-150x150.png 150w, https:\/\/vne-led.vn\/wp-content\/uploads\/2022\/08\/35-768x768.png 768w, https:\/\/vne-led.vn\/wp-content\/uploads\/2022\/08\/35-600x600.png 600w, https:\/\/vne-led.vn\/wp-content\/uploads\/2022\/08\/35-100x100.png 100w\" sizes=\"(max-width: 800px) 100vw, 800px\" \/>                    <\/div>\n                    <div class=\"image-hover-wrap\">\n                                                    <ul class=\"icons-wrap block-style\">\n                                                                \t                                                            <li class=\"view-details\"><a href=\"https:\/\/vne-led.vn\/index.php\/product\/den-tieu-diem-xoay\/\"><i class=\"fas fa-link\"><\/i><\/a><\/li>\n                                <li class=\"add-to-cart\"><a href=\"tel:0912926688\" data-quantity=\"1\" class=\"button product_type_external\" data-product_id=\"796\" data-product_sku=\"\" aria-label=\"Li\u00ean h\u1ec7 nh\u1eadn b\u00e1o gi\u00e1\" rel=\"nofollow\">Li\u00ean h\u1ec7 nh\u1eadn b\u00e1o gi\u00e1<\/a><\/li>\n                            <\/ul>\n                                            <\/div>\n                <\/div>\n                <div class=\"product-details-wrap\">\n                                        <div class=\"eael-product-title\">\n                        <a href=\"https:\/\/vne-led.vn\/index.php\/product\/den-tieu-diem-xoay\/\" class=\"woocommerce-LoopProduct-link woocommerce-loop-product__link\"><h2>\u0110e\u0300n ti\u00eau \u0111i\u00ea\u0309m xoay<\/h2><\/a>                                           <\/div>\n                    <div class=\"eael-product-price\"><\/div>                <\/div>\n            <\/div>\n        <\/li>\n                <li class=\"product post-797 type-product status-publish has-post-thumbnail hentry product_cat-den-led-ray-nam-cham\">\n            <div class=\"eael-product-wrap\">\n                <div class=\"product-image-wrap\">\n                    <div class=\"image-wrap\">\n                        <img decoding=\"async\" width=\"800\" height=\"800\" src=\"https:\/\/vne-led.vn\/wp-content\/uploads\/2022\/08\/34.png\" class=\"attachment-large size-large\" alt=\"\" loading=\"eager\" srcset=\"https:\/\/vne-led.vn\/wp-content\/uploads\/2022\/08\/34.png 900w, https:\/\/vne-led.vn\/wp-content\/uploads\/2022\/08\/34-300x300.png 300w, https:\/\/vne-led.vn\/wp-content\/uploads\/2022\/08\/34-150x150.png 150w, https:\/\/vne-led.vn\/wp-content\/uploads\/2022\/08\/34-768x768.png 768w, https:\/\/vne-led.vn\/wp-content\/uploads\/2022\/08\/34-600x600.png 600w, https:\/\/vne-led.vn\/wp-content\/uploads\/2022\/08\/34-100x100.png 100w\" sizes=\"(max-width: 800px) 100vw, 800px\" \/>                    <\/div>\n                    <div class=\"image-hover-wrap\">\n                                                    <ul class=\"icons-wrap block-style\">\n                                                                \t                                                            <li class=\"view-details\"><a href=\"https:\/\/vne-led.vn\/index.php\/product\/den-tieu-diem-trang\/\"><i class=\"fas fa-link\"><\/i><\/a><\/li>\n                                <li class=\"add-to-cart\"><a href=\"tel:0912926688\" data-quantity=\"1\" class=\"button product_type_external\" data-product_id=\"797\" data-product_sku=\"\" aria-label=\"Li\u00ean h\u1ec7 nh\u1eadn b\u00e1o gi\u00e1\" rel=\"nofollow\">Li\u00ean h\u1ec7 nh\u1eadn b\u00e1o gi\u00e1<\/a><\/li>\n                            <\/ul>\n                                            <\/div>\n                <\/div>\n                <div class=\"product-details-wrap\">\n                                        <div class=\"eael-product-title\">\n                        <a href=\"https:\/\/vne-led.vn\/index.php\/product\/den-tieu-diem-trang\/\" class=\"woocommerce-LoopProduct-link woocommerce-loop-product__link\"><h2>\u0110e\u0300n ti\u00eau \u0111i\u00ea\u0309m tr\u0103\u0301ng<\/h2><\/a>                                           <\/div>\n                    <div class=\"eael-product-price\"><\/div>                <\/div>\n            <\/div>\n        <\/li>\n                <li class=\"product post-787 type-product status-publish has-post-thumbnail hentry product_cat-den-led-ray-nam-cham\">\n            <div class=\"eael-product-wrap\">\n                <div class=\"product-image-wrap\">\n                    <div class=\"image-wrap\">\n                        <img decoding=\"async\" width=\"800\" height=\"800\" src=\"https:\/\/vne-led.vn\/wp-content\/uploads\/2022\/08\/14.png\" class=\"attachment-large size-large\" alt=\"\" loading=\"eager\" srcset=\"https:\/\/vne-led.vn\/wp-content\/uploads\/2022\/08\/14.png 900w, https:\/\/vne-led.vn\/wp-content\/uploads\/2022\/08\/14-300x300.png 300w, https:\/\/vne-led.vn\/wp-content\/uploads\/2022\/08\/14-150x150.png 150w, https:\/\/vne-led.vn\/wp-content\/uploads\/2022\/08\/14-768x768.png 768w, https:\/\/vne-led.vn\/wp-content\/uploads\/2022\/08\/14-600x600.png 600w, https:\/\/vne-led.vn\/wp-content\/uploads\/2022\/08\/14-100x100.png 100w\" sizes=\"(max-width: 800px) 100vw, 800px\" \/>                    <\/div>\n                    <div class=\"image-hover-wrap\">\n                                                    <ul class=\"icons-wrap block-style\">\n                                                                \t                                                            <li class=\"view-details\"><a href=\"https:\/\/vne-led.vn\/index.php\/product\/den-ket-hop-tan-quang-trang-den\/\"><i class=\"fas fa-link\"><\/i><\/a><\/li>\n                                <li class=\"add-to-cart\"><a href=\"tel:0912926688\" data-quantity=\"1\" class=\"button product_type_external\" data-product_id=\"787\" data-product_sku=\"\" aria-label=\"Li\u00ean h\u1ec7 nh\u1eadn b\u00e1o gi\u00e1\" rel=\"nofollow\">Li\u00ean h\u1ec7 nh\u1eadn b\u00e1o gi\u00e1<\/a><\/li>\n                            <\/ul>\n                                            <\/div>\n                <\/div>\n                <div class=\"product-details-wrap\">\n                                        <div class=\"eael-product-title\">\n                        <a href=\"https:\/\/vne-led.vn\/index.php\/product\/den-ket-hop-tan-quang-trang-den\/\" class=\"woocommerce-LoopProduct-link woocommerce-loop-product__link\"><h2>\u0110e\u0300n k\u1ebft h\u1ee3p ta\u0301n quang (tr\u0103\u0301ng\/\u0111en)<\/h2><\/a>                                           <\/div>\n                    <div class=\"eael-product-price\"><\/div>                <\/div>\n            <\/div>\n        <\/li>\n                <li class=\"product post-788 type-product status-publish has-post-thumbnail hentry product_cat-den-led-ray-nam-cham\">\n            <div class=\"eael-product-wrap\">\n                <div class=\"product-image-wrap\">\n                    <div class=\"image-wrap\">\n                        <img decoding=\"async\" width=\"800\" height=\"800\" src=\"https:\/\/vne-led.vn\/wp-content\/uploads\/2022\/08\/11.png\" class=\"attachment-large size-large\" alt=\"\" loading=\"eager\" srcset=\"https:\/\/vne-led.vn\/wp-content\/uploads\/2022\/08\/11.png 900w, https:\/\/vne-led.vn\/wp-content\/uploads\/2022\/08\/11-300x300.png 300w, https:\/\/vne-led.vn\/wp-content\/uploads\/2022\/08\/11-150x150.png 150w, https:\/\/vne-led.vn\/wp-content\/uploads\/2022\/08\/11-768x768.png 768w, https:\/\/vne-led.vn\/wp-content\/uploads\/2022\/08\/11-600x600.png 600w, https:\/\/vne-led.vn\/wp-content\/uploads\/2022\/08\/11-100x100.png 100w\" sizes=\"(max-width: 800px) 100vw, 800px\" \/>                    <\/div>\n                    <div class=\"image-hover-wrap\">\n                                                    <ul class=\"icons-wrap block-style\">\n                                                                \t                                                            <li class=\"view-details\"><a href=\"https:\/\/vne-led.vn\/index.php\/product\/den-goc-tan-quang-trang-den\/\"><i class=\"fas fa-link\"><\/i><\/a><\/li>\n                                <li class=\"add-to-cart\"><a href=\"tel:0912926688\" data-quantity=\"1\" class=\"button product_type_external\" data-product_id=\"788\" data-product_sku=\"\" aria-label=\"Li\u00ean h\u1ec7 nh\u1eadn b\u00e1o gi\u00e1\" rel=\"nofollow\">Li\u00ean h\u1ec7 nh\u1eadn b\u00e1o gi\u00e1<\/a><\/li>\n                            <\/ul>\n                                            <\/div>\n                <\/div>\n                <div class=\"product-details-wrap\">\n                                        <div class=\"eael-product-title\">\n                        <a href=\"https:\/\/vne-led.vn\/index.php\/product\/den-goc-tan-quang-trang-den\/\" class=\"woocommerce-LoopProduct-link woocommerce-loop-product__link\"><h2>\u0110\u00e8n g\u00f3c t\u00e1n quang (tr\u1eafng\/\u0111en)<\/h2><\/a>                                           <\/div>\n                    <div class=\"eael-product-price\"><\/div>                <\/div>\n            <\/div>\n        <\/li>\n        <\/ul>            <\/div>\n        <\/div>\n\n        <script type=\"text\/javascript\">\n            jQuery(document).ready(function($) {\n                var $scope = jQuery(\".elementor-element-fceb58f\");\n                var $products = $('.products', $scope);\n                var $layout_mode = $products.data('layout-mode');\n                \n                if ( $layout_mode === 'masonry' ) {\n                    \/\/ init isotope\n                    var $isotope_products = $products.isotope({\n                        itemSelector: \"li.product\",\n                        layoutMode: $layout_mode,\n                        percentPosition: true\n                    });\n\n                    $isotope_products.imagesLoaded().progress( function() {\n                        $isotope_products.isotope('layout');\n                    })\n\n                    $(window).on('resize', function() {\n                        $isotope_products.isotope('layout');\n                    });\n                }\n            });\n        <\/script>\n        \t\t<\/div>\n\t\t\t\t<\/div>\n\t\t\t\t\t<\/div>\n\t\t<\/div>\n\t\t\t\t\t\t\t<\/div>\n\t\t<\/section>\n\t\t\t\t\t\t\t<\/div>\n\t\t","protected":false},"excerpt":{"rendered":"<p>\u0110\u00c8N LED NAM CH\u00c2M Li\u00ean h\u1ec7 nh\u1eadn b\u00e1o gi\u00e1 \u0110\u00e8n g\u00f3c t\u00e1n quang (tr\u1eafng\/\u0111en) Li\u00ean h\u1ec7 nh\u1eadn b\u00e1o gi\u00e1 \u0110e\u0300n go\u0301c ti\u00eau \u0111i\u00ea\u0309m tr\u0103\u0301ng Li\u00ean h\u1ec7 nh\u1eadn b\u00e1o gi\u00e1 \u0110e\u0300n ta\u0301n quang xoay Li\u00ean h\u1ec7 nh\u1eadn b\u00e1o gi\u00e1 \u0110e\u0300n ti\u00eau \u0111i\u00ea\u0309m xoay Li\u00ean h\u1ec7 nh\u1eadn b\u00e1o gi\u00e1 \u0110e\u0300n ti\u00eau \u0111i\u00ea\u0309m tr\u0103\u0301ng Li\u00ean h\u1ec7 nh\u1eadn b\u00e1o [&hellip;]<\/p>\n","protected":false},"author":1,"featured_media":0,"parent":0,"menu_order":0,"comment_status":"closed","ping_status":"closed","template":"","meta":{"footnotes":""},"class_list":["post-377","page","type-page","status-publish","hentry"],"_links":{"self":[{"href":"https:\/\/vne-led.vn\/index.php\/wp-json\/wp\/v2\/pages\/377","targetHints":{"allow":["GET"]}}],"collection":[{"href":"https:\/\/vne-led.vn\/index.php\/wp-json\/wp\/v2\/pages"}],"about":[{"href":"https:\/\/vne-led.vn\/index.php\/wp-json\/wp\/v2\/types\/page"}],"author":[{"embeddable":true,"href":"https:\/\/vne-led.vn\/index.php\/wp-json\/wp\/v2\/users\/1"}],"replies":[{"embeddable":true,"href":"https:\/\/vne-led.vn\/index.php\/wp-json\/wp\/v2\/comments?post=377"}],"version-history":[{"count":4,"href":"https:\/\/vne-led.vn\/index.php\/wp-json\/wp\/v2\/pages\/377\/revisions"}],"predecessor-version":[{"id":381,"href":"https:\/\/vne-led.vn\/index.php\/wp-json\/wp\/v2\/pages\/377\/revisions\/381"}],"wp:attachment":[{"href":"https:\/\/vne-led.vn\/index.php\/wp-json\/wp\/v2\/media?parent=377"}],"curies":[{"name":"wp","href":"https:\/\/api.w.org\/{rel}","templated":true}]}}