{"id":1804,"date":"2023-12-27T08:32:50","date_gmt":"2023-12-27T08:32:50","guid":{"rendered":"https:\/\/vne-led.vn\/?post_type=product&#038;p=1804"},"modified":"2024-03-16T17:04:24","modified_gmt":"2024-03-16T17:04:24","slug":"den-pha-day-30w-mau-vang-nhan-vne","status":"publish","type":"product","link":"https:\/\/vne-led.vn\/index.php\/product\/den-pha-day-30w-mau-vang-nhan-vne\/","title":{"rendered":"\u0110\u00e8n pha d\u00e0y 30w m\u00e0u v\u00e0ng, nh\u00e3n VNE"},"content":{"rendered":"<p>C\u00f4ng su\u1ea5t (Watt): 30<br \/>\nQuang th\u00f4ng (lm): 2700<br \/>\n\u0110i\u1ec7n \u00e1p (V): 170-240<br \/>\n\u0110ui\/L\u1ed7 kho\u00e9t:<br \/>\nPF: >0.5<br \/>\nHo\u00e0n m\u00e0u (RA or CRI): \u226580<br \/>\n\u00c1nh s\u00e1ng (K): 6500<br \/>\nTu\u1ed5i th\u1ecd (Gi\u1edd): 25000<br \/>\nNhi\u1ec7t \u0111\u1ed9 l\u00e0m vi\u1ec7c (\u2103 ):  -20\u2103-45\u2103<br \/>\nK\u00edch th\u01b0\u1edbc (mm): 160x120x37mm<br \/>\nCh\u1ec9 s\u1ed1 b\u1ea3o v\u1ec7: IP66<\/p>\n","protected":false},"excerpt":{"rendered":"<p>C\u00f4ng su\u1ea5t (Watt): 30<br \/>\nQuang th\u00f4ng (lm): 2700<br \/>\n\u0110i\u1ec7n \u00e1p (V): 170-240<br \/>\n\u0110ui\/L\u1ed7 kho\u00e9t:<br \/>\nPF: >0.5<br \/>\nHo\u00e0n m\u00e0u (RA or CRI): \u226580<br \/>\n\u00c1nh s\u00e1ng (K): 6500<br \/>\nTu\u1ed5i th\u1ecd (Gi\u1edd): 25000<br \/>\nNhi\u1ec7t \u0111\u1ed9 l\u00e0m vi\u1ec7c (\u2103 ):  -20\u2103-45\u2103<br \/>\nK\u00edch th\u01b0\u1edbc (mm): 160x120x37mm<br \/>\nCh\u1ec9 s\u1ed1 b\u1ea3o v\u1ec7: IP66<\/p>\n","protected":false},"featured_media":1175,"comment_status":"open","ping_status":"closed","template":"","meta":[],"product_cat":[23],"product_tag":[],"class_list":["post-1804","product","type-product","status-publish","has-post-thumbnail","hentry","product_cat-den-led-dan-dung"],"_links":{"self":[{"href":"https:\/\/vne-led.vn\/index.php\/wp-json\/wp\/v2\/product\/1804","targetHints":{"allow":["GET"]}}],"collection":[{"href":"https:\/\/vne-led.vn\/index.php\/wp-json\/wp\/v2\/product"}],"about":[{"href":"https:\/\/vne-led.vn\/index.php\/wp-json\/wp\/v2\/types\/product"}],"replies":[{"embeddable":true,"href":"https:\/\/vne-led.vn\/index.php\/wp-json\/wp\/v2\/comments?post=1804"}],"wp:featuredmedia":[{"embeddable":true,"href":"https:\/\/vne-led.vn\/index.php\/wp-json\/wp\/v2\/media\/1175"}],"wp:attachment":[{"href":"https:\/\/vne-led.vn\/index.php\/wp-json\/wp\/v2\/media?parent=1804"}],"wp:term":[{"taxonomy":"product_cat","embeddable":true,"href":"https:\/\/vne-led.vn\/index.php\/wp-json\/wp\/v2\/product_cat?post=1804"},{"taxonomy":"product_tag","embeddable":true,"href":"https:\/\/vne-led.vn\/index.php\/wp-json\/wp\/v2\/product_tag?post=1804"}],"curies":[{"name":"wp","href":"https:\/\/api.w.org\/{rel}","templated":true}]}}