{"id":788,"date":"2022-09-24T04:30:46","date_gmt":"2022-09-24T04:30:46","guid":{"rendered":"https:\/\/vne-led.vn\/?post_type=product&#038;p=788"},"modified":"2024-07-02T11:48:38","modified_gmt":"2024-07-02T11:48:38","slug":"den-goc-tan-quang-trang-den","status":"publish","type":"product","link":"https:\/\/vne-led.vn\/index.php\/product\/den-goc-tan-quang-trang-den\/","title":{"rendered":"\u0110\u00e8n g\u00f3c t\u00e1n quang (tr\u1eafng\/\u0111en)"},"content":{"rendered":"<p>Ti\u1ebft ki\u1ec7m \u0111i\u1ec7n n\u0103ng: B\u1ed9 ngu\u1ed3n \u0111\u01b0\u1ee3c t\u1ed1i \u01b0u h\u00f3a, chip LED cao c\u1ea5p v\u00e0 h\u1ec7 th\u1ed1ng t\u1ea3n nhi\u1ec7t hi\u1ec7u qu\u1ea3 gi\u00fap \u0111\u00e8n g\u00f3c t\u00e1n quang ti\u1ebft ki\u1ec7m \u0111i\u1ec7n n\u0103ng. So v\u1edbi c\u00e1c lo\u1ea1i \u0111\u00e8n truy\u1ec1n th\u1ed1ng, ch\u00fang th\u01b0\u1eddng c\u00f3 th\u1ec3 ti\u1ebft ki\u1ec7m \u0111\u1ebfn 80% \u0111i\u1ec7n n\u0103ng.<br \/>\n2 m\u00e0u s\u1eafc thi\u1ebft k\u1ebf c\u01a1 b\u1ea3n: Tr\u1eafng, \u0110en<\/p>\n<p><img loading=\"lazy\" decoding=\"async\" class=\"alignnone wp-image-224\" src=\"https:\/\/vne-led.vn\/wp-content\/uploads\/2022\/08\/DE\u0300N-GO\u0301C-TA\u0301N-QUANG-DEN-300x100.jpg\" alt=\"\" width=\"363\" height=\"121\" srcset=\"https:\/\/vne-led.vn\/wp-content\/uploads\/2022\/08\/DE\u0300N-GO\u0301C-TA\u0301N-QUANG-DEN-300x100.jpg 300w, https:\/\/vne-led.vn\/wp-content\/uploads\/2022\/08\/DE\u0300N-GO\u0301C-TA\u0301N-QUANG-DEN.jpg 324w\" sizes=\"auto, (max-width: 363px) 100vw, 363px\" \/><\/p>\n<p>\u1ee8ng d\u1ee5ng trong thi\u1ebft k\u1ebf nh\u00e0 h\u00e0ng, nh\u00e0 \u1edf, b\u1ec7nh vi\u1ec7n&#8230;<\/p>\n<p><img loading=\"lazy\" decoding=\"async\" class=\"alignnone size-medium wp-image-223\" src=\"https:\/\/vne-led.vn\/wp-content\/uploads\/2022\/08\/De\u0300n-go\u0301c-tieu-die\u0309m-tra\u0301ng-300x118.png\" alt=\"\" width=\"300\" height=\"118\" srcset=\"https:\/\/vne-led.vn\/wp-content\/uploads\/2022\/08\/De\u0300n-go\u0301c-tieu-die\u0309m-tra\u0301ng-300x118.png 300w, https:\/\/vne-led.vn\/wp-content\/uploads\/2022\/08\/De\u0300n-go\u0301c-tieu-die\u0309m-tra\u0301ng-768x302.png 768w, https:\/\/vne-led.vn\/wp-content\/uploads\/2022\/08\/De\u0300n-go\u0301c-tieu-die\u0309m-tra\u0301ng-600x236.png 600w, https:\/\/vne-led.vn\/wp-content\/uploads\/2022\/08\/De\u0300n-go\u0301c-tieu-die\u0309m-tra\u0301ng.png 800w\" sizes=\"auto, (max-width: 300px) 100vw, 300px\" \/> <img loading=\"lazy\" decoding=\"async\" class=\"alignnone size-full wp-image-222\" src=\"https:\/\/vne-led.vn\/wp-content\/uploads\/2022\/08\/De\u0300n-go\u0301c-ta\u0301n-quang-den.png\" alt=\"\" width=\"247\" height=\"247\" srcset=\"https:\/\/vne-led.vn\/wp-content\/uploads\/2022\/08\/De\u0300n-go\u0301c-ta\u0301n-quang-den.png 247w, https:\/\/vne-led.vn\/wp-content\/uploads\/2022\/08\/De\u0300n-go\u0301c-ta\u0301n-quang-den-150x150.png 150w, https:\/\/vne-led.vn\/wp-content\/uploads\/2022\/08\/De\u0300n-go\u0301c-ta\u0301n-quang-den-100x100.png 100w\" sizes=\"auto, (max-width: 247px) 100vw, 247px\" \/><\/p>\n","protected":false},"excerpt":{"rendered":"<p>2 m\u00e0u s\u1eafc thi\u1ebft k\u1ebf c\u01a1 b\u1ea3n: Tr\u1eafng, \u0110en<\/p>\n<p>\u1ee8ng d\u1ee5ng trong thi\u1ebft k\u1ebf nh\u00e0 h\u00e0ng, nh\u00e0 \u1edf, b\u1ec7nh vi\u1ec7n&#8230;<\/p>\n","protected":false},"featured_media":496,"comment_status":"open","ping_status":"closed","template":"","meta":[],"product_cat":[22],"product_tag":[],"class_list":["post-788","product","type-product","status-publish","has-post-thumbnail","hentry","product_cat-den-led-ray-nam-cham"],"_links":{"self":[{"href":"https:\/\/vne-led.vn\/index.php\/wp-json\/wp\/v2\/product\/788","targetHints":{"allow":["GET"]}}],"collection":[{"href":"https:\/\/vne-led.vn\/index.php\/wp-json\/wp\/v2\/product"}],"about":[{"href":"https:\/\/vne-led.vn\/index.php\/wp-json\/wp\/v2\/types\/product"}],"replies":[{"embeddable":true,"href":"https:\/\/vne-led.vn\/index.php\/wp-json\/wp\/v2\/comments?post=788"}],"wp:featuredmedia":[{"embeddable":true,"href":"https:\/\/vne-led.vn\/index.php\/wp-json\/wp\/v2\/media\/496"}],"wp:attachment":[{"href":"https:\/\/vne-led.vn\/index.php\/wp-json\/wp\/v2\/media?parent=788"}],"wp:term":[{"taxonomy":"product_cat","embeddable":true,"href":"https:\/\/vne-led.vn\/index.php\/wp-json\/wp\/v2\/product_cat?post=788"},{"taxonomy":"product_tag","embeddable":true,"href":"https:\/\/vne-led.vn\/index.php\/wp-json\/wp\/v2\/product_tag?post=788"}],"curies":[{"name":"wp","href":"https:\/\/api.w.org\/{rel}","templated":true}]}}